{"id":3897,"date":"2021-05-09T15:10:52","date_gmt":"2021-05-09T13:10:52","guid":{"rendered":"http:\/\/serwer1761761.home.pl\/morolma_wp\/?page_id=3897"},"modified":"2021-05-09T15:22:27","modified_gmt":"2021-05-09T13:22:27","slug":"komunalne-kosiarka-bijakowa-tylno-czolowa-wrzesnia","status":"publish","type":"page","link":"http:\/\/morolma.pl\/index.php\/komunalne-kosiarka-bijakowa-tylno-czolowa-wrzesnia\/","title":{"rendered":"Komunalne Kosiarka Bijakowa Tylno-czo\u0142owa Wrze\u015bnia"},"content":{"rendered":"<div class=\"wpb-content-wrapper\"><p>[vc_row][vc_column width=&#8221;1\/4&#8243;][vc_single_image image=&#8221;3904&#8243; img_size=&#8221;medium&#8221; alignment=&#8221;center&#8221; style=&#8221;vc_box_border&#8221; onclick=&#8221;link_image&#8221;]<div style=\"margin:;\" class=\"special-heading\">\r\n\t\t\t\t\t<h1 style=\"font-size:18px; font-weight:500; line-height:; text-align:left; text-transform:none; color:#ffffff;\">Galeria zdj\u0119\u0107<\/h1>\r\n\t\t\t\t\t\r\n\t\t\t\t\t<p style=\"font-size:; text-align:left; color:;\"><\/p>\r\n\t\t\t\t<\/div>[vc_media_grid element_width=&#8221;6&#8243; item=&#8221;mediaGrid_ScaleInWithIcon&#8221; grid_id=&#8221;vc_gid:1620566537110-d3680bb8-4b6b-4&#8243; include=&#8221;3903,3906&#8243;][\/vc_column][vc_column width=&#8221;3\/4&#8243;]<div style=\"margin:;\" class=\"special-heading\">\r\n\t\t\t\t\t<h1 style=\"font-size:24px; font-weight:500; line-height:; text-align:left; text-transform:none; color:#ffffff;\">KOSIARKI BIJAKOWE DO POBOCZY<\/h1>\r\n\t\t\t\t\t\r\n\t\t\t\t\t<p style=\"font-size:18px; text-align:left; color:#ff893a;\">tylno-czo\u0142owa, rozdrabniacz uniwersalny, KBT16 Z017\/2<\/p>\r\n\t\t\t\t<\/div><div style=\"margin:;\" class=\"special-heading\">\r\n\t\t\t\t\t<h1 style=\"font-size:14px; font-weight:400; line-height:; text-align:left; text-transform:none; color:#ffffff;\">Producent KOWALSKI Wrze\u015bnia<\/p>\n<p>Rozdrabniacz bijakowy tylno-czo\u0142owy KBT16 Z 017\/2 KOWALSKI - przeznaczony jest do prac zwi\u0105zanych w sadach, na lotniskach, zieleniach miejskich.<\/h1>\r\n\t\t\t\t\t\r\n\t\t\t\t\t<p style=\"font-size:; text-align:left; color:;\"><\/p>\r\n\t\t\t\t<\/div>[vc_column_text]<\/p>\n<p class=\"pad_bot1\">Jest to maszyna klasy ci\u0119\u017ckiej do prac w ci\u0119\u017ckich warunkach dla firm rolniczych jak i komunalnych.<\/p>\n<p class=\"pad_bot1\">S\u0142u\u017cy on do utrzymania infrastruktury komunalnej i teren\u00f3w zalesionych.<br \/>\nKosiarka bijakowa tego typu stosowana jest do koszenia trawy, rozdrabniania obci\u0119tych ga\u0142\u0119zi drzew (do \u00d8 8 cm \u015brednicy), do \u015bcinania chwast\u00f3w i zaro\u015bli na terenach niezagospodarowanych tzw. nieu\u017cytkach.<br \/>\nNadaje si\u0119 te\u017c idealnie do koszenia resztek po kukurydzy.<\/p>\n<p>[\/vc_column_text]<div style=\"margin:;\" class=\"special-heading\">\r\n\t\t\t\t\t<h1 style=\"font-size:14px; font-weight:400; line-height:; text-align:left; text-transform:none; color:#ffffff;\">Zalety kosiarki bijakowej KBT16 Z 017\/2 KOWALSKI<\/h1>\r\n\t\t\t\t\t\r\n\t\t\t\t\t<p style=\"font-size:; text-align:left; color:;\"><\/p>\r\n\t\t\t\t<\/div><div class=\"list-shortcode\"><\/p>\n<ul>\n<li>\n<p class=\"color1 pad_bot1\">\u0141atwa obs\u0142uga<\/p>\n<\/li>\n<li>\n<p class=\"color1 pad_bot1\">Idealne dopasowanie do pod\u0142o\u017ca oraz r\u00f3wnomierna wysoko\u015b\u0107 koszenia.<\/p>\n<\/li>\n<li>\n<p class=\"color1 pad_bot1\">Cicho pracuj\u0105cy wa\u0142 roboczy.<\/p>\n<\/li>\n<li>\n<p class=\"color1 pad_bot1\">Regulacja wysoko\u015bci koszenia poprzez regulacj\u0119 wysoko\u015bci wa\u0142u kopiuj\u0105cego.<\/p>\n<\/li>\n<li>\n<p class=\"color1 pad_bot1\">\u015acinanie chwast\u00f3w i traw na terenie niezagospodarowanym \u2013 \u015brednie warunki pracy.<\/p>\n<\/li>\n<li>\n<p class=\"color1 pad_bot1\">Solidna, zwarta oraz kompaktowa budowa.<\/p>\n<\/li>\n<li>\n<p class=\"color1 pad_bot1\">Dodatkowe przeciwno\u017ce wewn\u0105trz korpusu dodatkowo rozdrabniaj\u0105ce koszony materia\u0142<\/p>\n<\/li>\n<li>\n<p class=\"color1 pad_bot1\">Uk\u0142ad sterowania oparty na si\u0142owniku hydraulicznym dwustronnego dzia\u0142ania.<\/p>\n<\/li>\n<\/ul>\n<p><\/div>[\/vc_column][\/vc_row][vc_row][vc_column][vc_raw_html]JTVCc3Vwc3lzdGljLXRhYmxlcyUyMGlkJTNENTQlNUQ=[\/vc_raw_html][\/vc_column][\/vc_row]<\/p>\n<\/div>","protected":false},"excerpt":{"rendered":"<p>[vc_row][vc_column width=&#8221;1\/4&#8243;][vc_single_image image=&#8221;3904&#8243; img_size=&#8221;medium&#8221; alignment=&#8221;center&#8221; style=&#8221;vc_box_border&#8221; onclick=&#8221;link_image&#8221;][vc_media_grid element_width=&#8221;6&#8243; item=&#8221;mediaGrid_ScaleInWithIcon&#8221; grid_id=&#8221;vc_gid:1620566537110-d3680bb8-4b6b-4&#8243; include=&#8221;3903,3906&#8243;][\/vc_column][vc_column width=&#8221;3\/4&#8243;][vc_column_text] Jest to maszyna klasy ci\u0119\u017ckiej do prac w ci\u0119\u017ckich warunkach dla firm rolniczych jak i komunalnych. S\u0142u\u017cy on do utrzymania infrastruktury komunalnej i teren\u00f3w zalesionych. Kosiarka bijakowa tego typu stosowana jest do koszenia trawy, rozdrabniania obci\u0119tych ga\u0142\u0119zi drzew [&hellip;]<\/p>\n","protected":false},"author":1,"featured_media":0,"parent":0,"menu_order":0,"comment_status":"closed","ping_status":"closed","template":"","meta":{"footnotes":""},"class_list":["post-3897","page","type-page","status-publish","hentry"],"_links":{"self":[{"href":"http:\/\/morolma.pl\/index.php\/wp-json\/wp\/v2\/pages\/3897","targetHints":{"allow":["GET"]}}],"collection":[{"href":"http:\/\/morolma.pl\/index.php\/wp-json\/wp\/v2\/pages"}],"about":[{"href":"http:\/\/morolma.pl\/index.php\/wp-json\/wp\/v2\/types\/page"}],"author":[{"embeddable":true,"href":"http:\/\/morolma.pl\/index.php\/wp-json\/wp\/v2\/users\/1"}],"replies":[{"embeddable":true,"href":"http:\/\/morolma.pl\/index.php\/wp-json\/wp\/v2\/comments?post=3897"}],"version-history":[{"count":9,"href":"http:\/\/morolma.pl\/index.php\/wp-json\/wp\/v2\/pages\/3897\/revisions"}],"predecessor-version":[{"id":3909,"href":"http:\/\/morolma.pl\/index.php\/wp-json\/wp\/v2\/pages\/3897\/revisions\/3909"}],"wp:attachment":[{"href":"http:\/\/morolma.pl\/index.php\/wp-json\/wp\/v2\/media?parent=3897"}],"curies":[{"name":"wp","href":"https:\/\/api.w.org\/{rel}","templated":true}]}}