{"id":3973,"date":"2021-05-10T22:44:34","date_gmt":"2021-05-10T20:44:34","guid":{"rendered":"http:\/\/serwer1761761.home.pl\/morolma_wp\/?page_id=3973"},"modified":"2021-05-10T22:48:47","modified_gmt":"2021-05-10T20:48:47","slug":"plug-sniezny-fk-machinery-by-kolaszewski","status":"publish","type":"page","link":"http:\/\/morolma.pl\/index.php\/plug-sniezny-fk-machinery-by-kolaszewski\/","title":{"rendered":"P\u0142ug \u015bnie\u017cny FK MACHINERY by KO\u0141ASZEWSKI"},"content":{"rendered":"<div class=\"wpb-content-wrapper\"><p>[vc_row][vc_column width=&#8221;1\/4&#8243;][vc_single_image image=&#8221;3975&#8243; img_size=&#8221;medium&#8221; alignment=&#8221;center&#8221; style=&#8221;vc_box_border&#8221; onclick=&#8221;link_image&#8221;]<div style=\"margin:;\" class=\"special-heading\">\r\n\t\t\t\t\t<h1 style=\"font-size:18px; font-weight:500; line-height:; text-align:left; text-transform:none; color:#ffffff;\">Galeria zdj\u0119\u0107<\/h1>\r\n\t\t\t\t\t\r\n\t\t\t\t\t<p style=\"font-size:; text-align:left; color:;\"><\/p>\r\n\t\t\t\t<\/div>[vc_media_grid item=&#8221;mediaGrid_ScaleInWithIcon&#8221; grid_id=&#8221;vc_gid:1620679476419-c9f972cf-e413-10&#8243; include=&#8221;3976,3977,3978&#8243;][\/vc_column][vc_column width=&#8221;3\/4&#8243;]<div style=\"margin:;\" class=\"special-heading\">\r\n\t\t\t\t\t<h1 style=\"font-size:24px; font-weight:500; line-height:; text-align:left; text-transform:none; color:#ffffff;\">P\u0141UG \u015aNIE\u017bNY<\/h1>\r\n\t\t\t\t\t\r\n\t\t\t\t\t<p style=\"font-size:18px; text-align:left; color:#ff893a;\">KLASY CI\u0118\u017bKIEJ<\/p>\r\n\t\t\t\t<\/div><div style=\"margin:;\" class=\"special-heading\">\r\n\t\t\t\t\t<h1 style=\"font-size:14px; font-weight:400; line-height:; text-align:left; text-transform:none; color:#ffffff;\"> FK MACHINERY by KO\u0141ASZEWSKI<\/h1>\r\n\t\t\t\t\t\r\n\t\t\t\t\t<p style=\"font-size:; text-align:left; color:;\"><\/p>\r\n\t\t\t\t<\/div>[vc_column_text]<\/p>\n<p class=\"pad_bot1\">Stosuje si\u0119 go do od\u015bnie\u017cania dr\u00f3g publicznych, parking\u00f3w oraz wszystkich utwardzonych i nieutwardzonych powierzchni drogowych.<\/p>\n<p class=\"pad_bot1\">P\u0142ug jest r\u00f3wnie\u017c bardzo przydatny przy formowaniu pryzm kiszonkarskich oraz spychania (np. obornika).<\/p>\n<p class=\"pad_bot1\">Zdolny jest przenosi\u0107 obci\u0105\u017cenia czo\u0142owe max 12,5 ton.<\/p>\n<p>[\/vc_column_text][\/vc_column][\/vc_row]<\/p>\n<\/div>","protected":false},"excerpt":{"rendered":"<p>[vc_row][vc_column width=&#8221;1\/4&#8243;][vc_single_image image=&#8221;3975&#8243; img_size=&#8221;medium&#8221; alignment=&#8221;center&#8221; style=&#8221;vc_box_border&#8221; onclick=&#8221;link_image&#8221;][vc_media_grid item=&#8221;mediaGrid_ScaleInWithIcon&#8221; grid_id=&#8221;vc_gid:1620679476419-c9f972cf-e413-10&#8243; include=&#8221;3976,3977,3978&#8243;][\/vc_column][vc_column width=&#8221;3\/4&#8243;][vc_column_text] Stosuje si\u0119 go do od\u015bnie\u017cania dr\u00f3g publicznych, parking\u00f3w oraz wszystkich utwardzonych i nieutwardzonych powierzchni drogowych. P\u0142ug jest r\u00f3wnie\u017c bardzo przydatny przy formowaniu pryzm kiszonkarskich oraz spychania (np. obornika). Zdolny jest przenosi\u0107 obci\u0105\u017cenia czo\u0142owe max 12,5 ton. [\/vc_column_text][\/vc_column][\/vc_row]<\/p>\n","protected":false},"author":1,"featured_media":0,"parent":0,"menu_order":0,"comment_status":"closed","ping_status":"closed","template":"","meta":{"footnotes":""},"class_list":["post-3973","page","type-page","status-publish","hentry"],"_links":{"self":[{"href":"http:\/\/morolma.pl\/index.php\/wp-json\/wp\/v2\/pages\/3973","targetHints":{"allow":["GET"]}}],"collection":[{"href":"http:\/\/morolma.pl\/index.php\/wp-json\/wp\/v2\/pages"}],"about":[{"href":"http:\/\/morolma.pl\/index.php\/wp-json\/wp\/v2\/types\/page"}],"author":[{"embeddable":true,"href":"http:\/\/morolma.pl\/index.php\/wp-json\/wp\/v2\/users\/1"}],"replies":[{"embeddable":true,"href":"http:\/\/morolma.pl\/index.php\/wp-json\/wp\/v2\/comments?post=3973"}],"version-history":[{"count":3,"href":"http:\/\/morolma.pl\/index.php\/wp-json\/wp\/v2\/pages\/3973\/revisions"}],"predecessor-version":[{"id":3980,"href":"http:\/\/morolma.pl\/index.php\/wp-json\/wp\/v2\/pages\/3973\/revisions\/3980"}],"wp:attachment":[{"href":"http:\/\/morolma.pl\/index.php\/wp-json\/wp\/v2\/media?parent=3973"}],"curies":[{"name":"wp","href":"https:\/\/api.w.org\/{rel}","templated":true}]}}